base 16, what is -39707 - -5?
-39702
In base 6, what is -2421431 + 2?
-2421425
In base 3, what is -11 - 10101010101?
-10101010112
In base 9, what is 130612 + -3?
130608
In base 13, what is 1a - -61cb?
6218
In base 3, what is -20110200202 - 1?
-20110200210
In base 6, what is 235531 + -1?
235530
In base 5, what is 11113241 + 23?
11113314
In base 16, what is 1078b + 5?
10790
In base 6, what is 121521 - -213?
122134
In base 3, what is 11101020100200 - -12?
11101020100212
In base 7, what is 5 - 23616?
-23611
In base 10, what is -32 + -18403?
-18435
In base 2, what is -100 - -100000100110111110?
100000100110111010
In base 5, what is -20 - -33300?
33230
In base 16, what is 2 - 16b6?
-16b4
In base 12, what is 1614 + 2a0?
18b4
In base 11, what is -18675 - 7?
-18681
In base 15, what is 1ec60 - 3?
1ec5c
In base 8, what is -5 - 25200?
-25205
In base 9, what is -6353 - 321?
-6674
In base 16, what is 8593b - 0?
8593b
In base 6, what is -10033345 - -44?
-10033301
In base 9, what is 3246434 + -1?
3246433
In base 11, what is 3443 - -3?
3446
In base 7, what is 1624 - 340?
1254
In base 12, what is -154 + -488?
-620
In base 5, what is 10 + -122331?
-122321
In base 15, what is -13 + -55d?
-571
In base 7, what is 12 - 346533?
-346521
In base 12, what is 18 - -1644?
1660
In base 5, what is 4 - -144100?
144104
In base 14, what is -25d6 + -2?
-25d8
In base 8, what is -3422 - 735?
-4357
In base 12, what is -2168 - b?
-2177
In base 2, what is 101101011000101111011 - -10?
101101011000101111101
In base 2, what is 110111001001 - -1010000?
111000011001
In base 12, what is -188b + 659?
-1232
In base 15, what is 79dd + b?
79e9
In base 6, what is 144305 - -35?
144344
In base 16, what is -1c1 + -21d?
-3de
In base 4, what is 3110 + 201?
3311
In base 2, what is -11101101100011001 + 100?
-11101101100010101
In base 11, what is -318 - 221?
-539
In base 12, what is 7 + 248?
253
In base 3, what is 12122222111 - 2?
12122222102
In base 3, what is 1222222 - -12010?
2012002
In base 14, what is 21 + 4005?
4026
In base 3, what is -2210 - -21200?
11220
In base 6, what is -5 + -1111221?
-1111230
In base 9, what is 1335 - -407?
1743
In base 6, what is -501 - -304?
-153
In base 6, what is -131334 + -544?
-132322
In base 16, what is -3f + -152?
-191
In base 9, what is 166341 - -2?
166343
In base 5, what is -202014 + 4?
-202010
In base 9, what is 15 + -2626?
-2611
In base 5, what is -10433 - 0?
-10433
In base 4, what is -1203122 + -113?
-1203301
In base 4, what is 1132203 - 2?
1132201
In base 9, what is 3714 - -5?
3720
In base 13, what is -4 + 5b02?
5acb
In base 7, what is -3 + -202311?
-202314
In base 6, what is -1 - -1441133?
1441132
In base 3, what is 11222221001 - -1?
11222221002
In base 13, what is -4 - 966a?
-9671
In base 8, what is -26350 - -4?
-26344
In base 10, what is -2504177 - 5?
-2504182
In base 15, what is -855 - -2e?
-826
In base 14, what is -2 - -8a83?
8a81
In base 14, what is c36 + -22?
c14
In base 11, what is -76076 - -5?
-76071
In base 8, what is 1 - 1303757?
-1303756
In base 14, what is 290 - 694?
-404
In base 12, what is 85a0a + 3?
85a11
In base 2, what is 101111010001111 + 101?
101111010010100
In base 8, what is 2455 - -717?
3374
In base 7, what is 20 + -4223?
-4203
In base 2, what is 100 + 10111110010111100?
10111110011000000
In base 2, what is -1010100 - -10110100?
1100000
In base 16, what is d + -9fa?
-9ed
In base 9, what is 0 + 2343?
2343
In base 2, what is -101001110011 + -100?
-101001110111
In base 2, what is 10010 - -10110010011101?
10110010101111
In base 12, what is -5b - 9b9?
-a58
In base 7, what is 546 + -5?
541
In base 2, what is -10010011111 + -1000000010?
-11010100001
In base 6, what is -5424 - 43?
-5511
In base 2, what is 101 + -100000001100011110?
-100000001100011001
In base 2, what is -1 + 1110110100100101?
1110110100100100
In base 16, what is 12be + 10?
12ce
In base 11, what is 243 - -6a?
302
In base 5, what is -232240 - 141?
-232431
In base 11, what is 3 - -790a3?
790a6
In base 13, what is -6a3 + -26?
-6c9
In base 4, what is -12323 + 3?
-12320
In base 13, what is -30 + -77?
-a7
In base 13, what is -4 - 119a6?
-119aa
In base 6, what is 13114322 + 0?
13114322
In base 2, what is 101 + 10000110001100?
10000110010001
In base 6, what is 0 - 1021255?
-1021255
In base 7, what is -5414 + -6?
-5423
In base 9, what is -3460 - -6?
-3453
In base 6, what is 5 + -130010?
-130001
In base 15, what is -12 + -c7?
-d9
In base 13, what is -26a0a - -1?
-26a09
In base 8, what is -13 - -5135?
5122
In base 14, what is 79 - -cd9?
d74
In base 4, what is -11030 - -13?
-11011
In base 5, what is -1 + -4334342?
-4334343
In base 11, what is -4 - 43099?
-430a2
In base 3, what is 0 + 111121210?
111121210
In base 13, what is -5 + -120c7?
-120cc
In base 3, what is 1 + -202121012?
-202121011
In base 12, what is -50407 - -4?
-50403
In base 7, what is -5 + 2533?
2525
In base 9, what is -2620165 + 2?
-2620163
In base 8, what is -250263 + 11?
-250252
In base 15, what is -de + -124?
-213
In base 14, what is d6b0 + 4?
d6b4
In base 12, what is 36 - 19700?
-19686
In base 15, what is -9cb - -52d?
-49d
In base 8, what is -30 - 25736?
-25766
In base 2, what is -11010 + -10011100101?
-10011111111
In base 11, what is -61 - -3583?
3522
In base 5, what is 124230 - -100?
124330
In base 7, what is 14366 + 42?
14441
In base 3, what is 1111 + -2020022?
-2011211
In base 13, what is -48662c + 3?
-486629
In base 10, what is 49 - -1226?
1275
In base 3, what is -122120 + 1010010?
110120
In base 10, what is 16099 + -5?
16094
In base 4, what is 22202 - 1020131?
-331323
In base 14, what is 2284 - -5?
2289
In base 16, what is -1 - 22cd?
-22ce
In base 10, what is -190 + -106?
-296
In base 2, what is -101 - -101010110101111101000?
101010110101111100011
In base 7, what is 0 + 216430?
216430
In base 14, what is 2 + 3c96?
3c98
In base 4, what is 30 + -103011011?
-103010321
In base 15, what is -7083c + 0?
-7083c
In base 2, what is 1 - 11100010?
-11100001
In base 3, what is -12 - 11121001100?
-11121001112
In base 2, what is 10010011 - -1111101101011?
1111111111110
In base 14, what is 2345 - -32?
2377
In base 16, what is -dc66 + 1?
-dc65
In base 7, what is -11666462 + 0?
-11666462
In base 7, what is -1 - 40026?
-40030
In base 9, what is 36 + -1104?
-1057
In base 14, what is 249 - -225?
470
In base 2, what is 11111 + 1001?
101000
In base 9, what is -503 - -474?
-18
In base 2, what is 11111010010101010100 + -100?
11111010010101010000
In base 3, what is -121 - 2201220?
-2202111
In base 2, what is 101001011011 - 1010100?
101000000111
In base 8, what is 1233211 - 4?
1233205
In base 14, what is -159d8 - -2?
-159d6
In base 13, what is -2368 + -3?
-236b
In base 4, what is -13312 - 13133?
-33111
In base 14, what is -411 + -100?
-511
In base 15, what is -e7c8 - 12?
-e7da
In base 5, what is -34241101 + -11?
-34241112
In base 4, what is -311303 + -231?
-312200
In base 10, what is -330247 - 3?
-330250
In base 14, what is 12 + 7636?
7648
In base 9, what is -518354 + -1?
-518355
In base 11, what is -366 - 376?
-731
In base 16, what is -5 + -18c9e?
-18ca3
In base 8, what is -2360022 - -4?
-2360016
In base 6, what is 33111105 - -4?
33111113
In base 11, what is -59 + -5246?
-52a4
In base 16, what is 7961 + -3?
795e
In base 4, what is 21312 - -103?
22021
In base 15, what is 2 - -5b2d?
5b30
In base 13, what is 8a824b - -3?
8a8251
In base 13, what is 8 + -7b?
-73
In base 4, what is 2 - -22232130?
22232132
In base 8, what is -43373 + -55?
-43450
In base 6, what is -4 - 40014115?
-40014123
In base 5, what is 1004200 + -2?
1004143
In base 13, what is b000 - 9?
acc4
In base 16, what is -ff - 601?
-700
In base 6, what is 41414 - -25?
41443
In base 13, what is -17b + -aa?
-258
In base 14, what is -10a9b + 16?
-10a85
In base 9, what is -781456 - 3?
-781460
In base 13, what is a + 3c09?
3c16
In base 3, what is -12120110121200 - 1?
-12120110121201
In base 7, what is -1 - 44462?
-44463
In base 6, what is 123425 + -1?
123424
In base 2, what is -1110100001111 - 1000111000?
-1111101000111
In base 16, what is -165 + -6a8?
-80d
In base 10, what is 3 + -90085?
-90082
In base 6, what is 15234 + 435?
20113
In base 14, what is 2b + -602?
-5b5
In base 3, what is -12120112011122 + 11?
-12120112011111
In base 12, what is -ba9b - -34?
-ba67
In base 14, what is -12b -